 a prime number?
True
Is 189330629 prime?
True
Is 22085779369 a prime number?
True
Is 576406067 composite?
False
Is 132988692041 a composite number?
False
Is 23128126253 composite?
True
Is 849162113 a composite number?
True
Is 72944957 composite?
False
Is 451697969 a composite number?
True
Is 48805825391 a prime number?
True
Is 26266357933 composite?
False
Is 137510071 a composite number?
False
Is 9039357721 composite?
False
Is 3357816227 a composite number?
False
Is 805057987 composite?
True
Is 59629662429 prime?
False
Is 2008525787 composite?
False
Is 68593133341 composite?
False
Is 4693769383 prime?
False
Is 14014616227 a prime number?
False
Is 187419837887 prime?
True
Is 1036611145 a composite number?
True
Is 2538966819 composite?
True
Is 4926813173 a prime number?
False
Is 116278229 a composite number?
True
Is 5984386253 composite?
True
Is 104294963 composite?
False
Is 162405538531 a prime number?
True
Is 524095211 composite?
False
Is 6232112269 a composite number?
True
Is 4302859357 prime?
False
Is 178612840361 composite?
False
Is 1211238499 a prime number?
False
Is 53027609263 a composite number?
False
Is 2613576983 a composite number?
False
Is 3241156627 a composite number?
False
Is 20600637833 composite?
True
Is 1368194519 prime?
True
Is 9115177107 a composite number?
True
Is 48125404933 a composite number?
False
Is 11777697037 a prime number?
True
Is 170038252583 a prime number?
True
Is 196746697 composite?
True
Is 2070275827 composite?
True
Is 15005630077 a prime number?
False
Is 55238227 a composite number?
True
Is 607291007 composite?
False
Is 64649452999 composite?
False
Is 884319659 prime?
True
Is 154134398861 prime?
False
Is 1737621881 a prime number?
False
Is 1063460659 a prime number?
False
Is 1474145891 a composite number?
False
Is 12469445803 a composite number?
False
Is 4849640927 prime?
False
Is 562019902537 prime?
True
Is 620464903 a prime number?
True
Is 2228423777 composite?
True
Is 449948117 a prime number?
False
Is 547542847 a composite number?
True
Is 194092963 prime?
True
Is 2676688583 a composite number?
True
Is 630937399 composite?
True
Is 21188785 a composite number?
True
Is 5656481 a composite number?
False
Is 47183239937 composite?
True
Is 46982748463 a prime number?
False
Is 29491271197 prime?
True
Is 952908893 a prime number?
False
Is 689029769 composite?
False
Is 5930524121 a composite number?
False
Is 1801268029 composite?
True
Is 1878298493 a prime number?
False
Is 30170954029 composite?
False
Is 66821340386 prime?
False
Is 1162934621 composite?
False
Is 18849287 a prime number?
False
Is 7591666633 a composite number?
False
Is 17009022341 prime?
True
Is 34824242393 a composite number?
False
Is 155256193 a composite number?
True
Is 6021931451 composite?
False
Is 69788499413 composite?
False
Is 404387261 composite?
True
Is 958511531 a composite number?
False
Is 48491921719 a prime number?
False
Is 25021561106 prime?
False
Is 102185413159 composite?
True
Is 2909912483 composite?
False
Is 4691793649 a composite number?
True
Is 1326491339 composite?
False
Is 1577686823 a prime number?
False
Is 1688419643 a prime number?
False
Is 11806100051 a composite number?
False
Is 445542829 a composite number?
False
Is 807276359 a composite number?
False
Is 1180348207 prime?
True
Is 115878803 prime?
False
Is 2422926901 composite?
True
Is 212471641379 a prime number?
False
Is 2039232157 composite?
True
Is 184114504533 a composite number?
True
Is 3078683609 a prime number?
True
Is 6656309969 a prime number?
True
Is 7947951043 a prime number?
False
Is 34324368427 a composite number?
True
Is 24458978237 a composite number?
True
Is 2340081431 a prime number?
True
Is 854502653 prime?
True
Is 1277655143 prime?
True
Is 89468851 prime?
True
Is 32113743539 prime?
True
Is 74100684487 a prime number?
False
Is 41233839461 composite?
True
Is 60015223049 composite?
False
Is 9293601701 a composite number?
True
Is 9511702363 prime?
True
Is 22283927357 composite?
False
Is 9028679363 composite?
True
Is 6937820677 prime?
False
Is 65264517917 a composite number?
False
Is 14421302501 composite?
True
Is 80918505653 prime?
False
Is 89153827 composite?
True
Is 24971307961 a prime number?
True
Is 6711910399 a prime number?
True
Is 107646859 prime?
True
Is 511982419 prime?
False
Is 100915781 prime?
True
Is 59457058961 a prime number?
True
Is 21332905103 composite?
False
Is 210786029 composite?
True
Is 457151347 a prime number?
True
Is 10439022337 a composite number?
True
Is 4973578711 a composite number?
True
Is 2341571129 prime?
True
Is 21123420589 a composite number?
False
Is 1531102719 prime?
False
Is 5395682863 prime?
True
Is 32981605581 prime?
False
Is 5381999789 prime?
True
Is 7273399717 composite?
True
Is 3490005161 a composite number?
True
Is 223207098119 prime?
False
Is 34907672771 composite?
True
Is 346462351 prime?
False
Is 133288007183 a composite number?
False
Is 1088416027 a composite number?
True
Is 287352119 prime?
True
Is 23085441473 composite?
True
Is 79009621 composite?
True
Is 910641646 prime?
False
Is 1547869639 composite?
True
Is 2139931319 composite?
True
Is 227292829 composite?
False
Is 18996771473 prime?
False
Is 9374505331 composite?
True
Is 14172185239 a composite number?
True
Is 305810045 composite?
True
Is 119558357 composite?
True
Is 4394706091 a composite number?
True
Is 17774916713 composite?
False
Is 815842513 a prime number?
False
Is 26500205299 a prime number?
True
Is 290794691689 a composite number?
False
Is 220532875319 prime?
True
Is 381218296127 a composite number?
True
Is 6142035901 composite?
False
Is 1342115851 a prime number?
True
Is 2696664073 composite?
False
Is 1852097803 prime?
True
Is 1029148657 composite?
False
Is 1879820545 composite?
True
Is 263833873 a composite number?
True
Is 40574956171 prime?
False
Is 233572304413 a prime number?
False
Is 1892353 a prime number?
True
Is 42610014319 composite?
False
Is 264477713 composite?
True
Is 6965555383 composite?
False
Is 5680977017 prime?
True
Is 778710301 composite?
True
Is 5585241 prime?
False
Is 6299478037 composite?
False
Is 135409591 a composite number?
True
Is 6431423881 a composite number?
True
Is 1978558883 composite?
True
Is 1503964037 a composite number?
True
Is 1028197829 prime?
True
Is 1580680571 a composite number?
False
Is 2399784041 composite?
False
Is 2437166073 a composite number?
True
Is 4199882521 composite?
True
Is 940705877 a composite number?
False
Is 225886881847 a prime number?
False
Is 25506763639 a prime number?
False
Is 29200784549 a composite number?
False
Is 705013042 a composite number?
True
Is 11082595541 composite?
False
Is 6268479667 prime?
False
Is 5866364021 prime?
False
Is 2818015091 a composite number?
True
Is 1611549059 a composite number?
False
Is 276188171057 composite?
False
Is 40818829661 a prime number?
True
Is 943057055 prime?
False
Is 9458015789 composite?
True
Is 111887563 a prime number?
True
Is 315972673 prime?
False
Is 12341899 prime?
True
Is 3390191326 composite?
True
Is 143283377 prime?
True
Is 1794767419 a prime number?
True
Is 149464878097 composite?
False
Is 36769336433 a composite number?
False
Is 8913940891 a prime number?
False
Is 6724702351 a prime number?
True
Is 737915513 a prime number?
True
Is 32843194619 prime?
True
Is 19453563257 a composite number?
False
Is 22259250941 composite?
False
Is 5479323283 composite?
True
Is 3610511041 composite?
False
Is 14266484641 prime?
False
Is 6661436827 a composite number?
True
Is 4540153595 prime?
False
Is 33280780483 prime?
True
Is 15503397407 composite?
False
Is 54756901427 a prime number?
True
Is 44081602949 a composite number?
True
Is 6051039146 a composite number?
True
Is 762429163 a composite number?
False
Is 32437148039 a prime number?
True
Is 301026563 a composite number?
False
Is 25513580561 a composite number?
True
Is 4936482407 a prime number?
False
Is 3091439363 composite?
False
Is 160601753 prime?
False
Is 150763282 composite?
True
Is 15069991237 a composite number?
True
Is 151595919773 a prime number?
True
Is 492851899 composite?
False
Is 1459314047 prime?
True
Is 4965750211 a composite number?
True
Is 98995549 a prime number?
True
Is 3388227853 a composite number?
True
Is 722393609 composite?
True
Is 5283797117 prime?
True
Is 372662139 